uppose 322 + 98 = 5*r. What is the highest common divisor of w and r?
28
Let z = -5 + -8. Let r = 215 - z. What is the highest common factor of 38 and r?
38
Let o = 231 + -211. Calculate the greatest common factor of 320 and o.
20
Let b(m) = m**2 + 8*m + 3. Let l be b(-3). Let c be 2/6 + 4/l. Suppose -6*s + 620 + 820 = c. Calculate the highest common factor of 30 and s.
30
Let w be 27 + -36 - (-620 - 1). Calculate the greatest common divisor of w and 27.
9
Let n = 129 + -754. Let i = n - -933. Suppose -w + 4*c + 3 + 17 = 0, 5*w - 138 = c. What is the greatest common divisor of w and i?
28
Let u be (-2 - -4 - 2) + -3. Suppose -4*i - 161 - 159 = 0. Let z be u/(-5)*i/(-8). Calculate the greatest common factor of 42 and z.
6
Suppose 105 = 26*m - 29*m. Let i be (-28)/m + (-2192)/(-10). Calculate the highest common divisor of 20 and i.
20
Let y(r) = -17 + 8*r - 13 - 3 - 3. Let w be y(9). Calculate the greatest common divisor of 36 and w.
36
Suppose 2*c = -4*n + 404, -n - 4*n - 3*c + 507 = 0. Calculate the greatest common divisor of n and 9.
9
Let b = -732 + 476. Let t be b/(-26) + 6/39. Let a be (-6)/15 + 202/5. Calculate the greatest common divisor of t and a.
10
Suppose -2*v = 3*c - 24, 2*v = 2*c - c. Calculate the greatest common factor of c and 24.
6
Let v = 30 + 36. What is the highest common divisor of v and 11?
11
Let p(g) = g**2 + 14*g - 7. Let a be p(-14). Let f be a/(-3) + (-10)/30. What is the highest common divisor of f and 14?
2
Let d(n) = 2*n**3 - 4*n**2 + 8*n - 4. Let u be d(3). Let p = 60 - u. Let c be (-1 - 1) + (-2 - -6). What is the highest common factor of p and c?
2
Suppose 4*p - 408 = -4*m, -4*m - 11*p + 15*p + 392 = 0. Let f be 2*(1 + 0/(-3)). Suppose -18 = -2*b + f. Calculate the greatest common factor of b and m.
10
Suppose 4*b - 289 = -5*p, 2*p = 5*b + 3*p - 377. Let i = b - 40. Let q(v) = -4*v**3 - 2*v**2. Let g be q(-2). What is the greatest common factor of g and i?
12
Suppose 3*h + 4*s - 2*s = 85, -4*s - 73 = -3*h. Let v = 143 - 137. What is the greatest common factor of h and v?
3
Suppose 460*d = 471*d - 3927. What is the greatest common factor of d and 63?
21
Let z = 19 + -16. Let n be 12/8*8/6. What is the highest common divisor of z and n?
1
Let g(j) = -j**2 - 21*j + 28. Let z be g(-17). Calculate the greatest common divisor of 3 and z.
3
Let m(b) = -11896 + 11896 + 2*b**2 + 43*b**3. Let h be m(1). What is the highest common divisor of 5 and h?
5
Let o(m) = 10*m + 270. Let s be o(-24). What is the greatest common divisor of 15 and s?
15
Suppose 10*s + 10 = 9*s. Let g = s - -10. Suppose 3*k + 9*q - 4*q - 23 = g, 4*k - 3*q - 21 = 0. What is the highest common factor of 6 and k?
6
Suppose -8*j = 8*j - 3360. What is the highest common divisor of 240 and j?
30
Let t(p) = -10*p - 1. Let u = -16 + 15. Let g be t(u). Calculate the greatest common factor of 9 and g.
9
Let a(z) = -3*z**2 - 15*z + 3. Let q(p) = -8*p**2 - 44*p + 10. Let u(k) = -14*a(k) + 5*q(k). Let y be u(7). Calculate the highest common divisor of 288 and y.
36
Let y = 9 + -2. Suppose -36 = -y*h + 48. What is the greatest common factor of 12 and h?
12
Let r = 962 + -943. Suppose -n = -0*n - 57. What is the highest common factor of r and n?
19
Suppose v + v = -8. Let p be v/(-6) - (-300)/36. Calculate the highest common factor of 3 and p.
3
Suppose -2*q - 2 + 8 = 0. Suppose f = -2*f - i + 255, q*f - 249 = i. Calculate the highest common factor of 12 and f.
12
Suppose 2*z - 3*f = -2*z + 516, -4*z - 2*f = -496. Let g = 215 + -201. What is the highest common divisor of g and z?
14
Suppose 2*y - 22 = -12. What is the greatest common factor of 35 and y?
5
Let k be (4/(-3))/((-6)/630). Let q be 9/(-6)*k/(-7). Calculate the greatest common factor of 12 and q.
6
Let m be (-41500)/(-650) + (-1 - (-30)/26). Let v = 25 + -17. What is the greatest common divisor of m and v?
8
Let f = -43 - -47. Suppose f*k = 3*m - 33, 0*k - 2*k + 1 = m. Calculate the greatest common factor of m and 49.
7
Suppose 27*c = 557 + 1063. What is the highest common factor of c and 135?
15
Suppose 0 = -2*d - 5*i + 17, -2*d - 29*i + 9 = -32*i. Calculate the highest common factor of d and 1002.
6
Let w = -563 - -603. Calculate the highest common factor of w and 15.
5
Suppose 87 = 3*r - 174. Calculate the greatest common divisor of r and 377.
29
Suppose -3*k + 558 = 16*h - 11*h, -2*h - 3*k = -216. What is the highest common divisor of h and 475?
19
Let y(x) = -x**2 + 9*x - 3. Let o be y(7). Let r = -81 - -147. Suppose k = 3*k - r. What is the greatest common divisor of o and k?
11
Let v(l) = -l**2 + 2*l - 3. Let f be v(5). Let p = 35 + f. Let a be 2/(-15) + 9728/285. Calculate the greatest common factor of p and a.
17
Suppose -3*t + 4*p + 53 = 0, -7*t + 47 = -4*t - p. What is the greatest common divisor of t and 435?
15
Suppose 8*m = 20*m - 84. Suppose -m*x + 11*x = 100. Calculate the highest common divisor of x and 5.
5
Let w(v) = v. Let a be (-8)/12*-12 - 3. Let f be w(a). Calculate the greatest common divisor of f and 45.
5
Suppose -3*b + 4*w = 82 - 254, -2*b + 4*w + 108 = 0. What is the greatest common factor of b and 16?
16
Let r = -236 - -376. Let u be r/6*6/2. Calculate the greatest common factor of 10 and u.
10
Suppose 2360 + 646 + 1314 = 54*s. Let r(b) = 2*b**2 - b + 1. Let q be r(3). Calculate the highest common divisor of q and s.
16
Let x be 36/16 - 2/8. Suppose x*g - 112 = -2*g. Calculate the highest common factor of g and 7.
7
Let d(k) = k**3 - 7*k**2 - 60*k + 410. Let v be d(6). Let q(c) = -c**3 + 10*c**2 + 2*c - 2. Let n be q(6). Calculate the greatest common divisor of v and n.
14
Suppose 6*h + 2*d - 2 = 8*h, 3*d - 9 = 0. Calculate the greatest common divisor of 18 and h.
2
Let t(s) = s**3 - 22*s**2 - 30*s + 32. Let x be t(24). Calculate the highest common factor of x and 29.
29
Let a = 67 + -51. Suppose 0 = -121*o + 117*o + a. Suppose w = -5*u + 105, w - 8 = -3. Calculate the greatest common factor of o and u.
4
Let c(k) = -2*k + 16. Let m be c(6). What is the greatest common divisor of m and 8?
4
Let o be 38/(-10) - 12/(-15). Let q(z) = z + 9. Let c be q(o). Let y(r) = -r**2 + 10*r - 11. Let u be y(c). What is the highest common factor of 39 and u?
13
Let p = 1579 + -1540. What is the greatest common factor of 208 and p?
13
Suppose 5*f - 2430 = -22*f. What is the highest common factor of f and 405?
45
Let u be -1 - -82*2/12*3. What is the greatest common factor of 130 and u?
10
Let b be 36*(-21)/(-504) + 830/4. Let f be 8/12 + 62/6. Calculate the greatest common factor of f and b.
11
Suppose -8791 + 42503 = 49*o. Calculate the greatest common divisor of o and 16.
16
Let k = -140 - -208. Calculate the highest common factor of k and 85.
17
Suppose -2*p - 2*h + 1344 = 2*p, 0 = -h. Suppose 2*w - w + p = 4*y, -w = 0. What is the greatest common divisor of y and 12?
12
Suppose -4*r + 3*b + 54 = 0, 0 = 5*b + 6 + 4. Let o be -21*(2 + r/(-4)). What is the greatest common factor of o and 21?
21
Suppose 20 = 5*a - 0. Suppose a*h - 98 = -3*h. Calculate the greatest common divisor of h and 126.
14
Suppose 3*i - 76 - 20 = 0. What is the greatest common factor of i and 64?
32
Let z(n) = 4*n**2 + 12*n - 2. Let v be z(-7). Let o(h) = h + 4. Let k be o(5). Suppose k = 2*a - 11. Calculate the highest common factor of v and a.
10
Let y be -14*27/(-6) - 1. Let c be 5 + -50 + (2 - 1). Let v = y + c. What is the highest common divisor of 90 and v?
18
Let l = 22 + -18. Suppose 0*a - 2*a + 2*k = 4, 0 = -3*a - l*k + 29. What is the highest common divisor of a and 24?
3
Let k(c) = c**3 - 16*c**2 + 2*c - 16. Let n be k(16). Suppose -2*o = n - 56. What is the greatest common divisor of 4 and o?
4
Suppose 4*t - n + 2*n - 108 = 0, t + 5*n = 27. Let y = -16 + t. What is the greatest common divisor of 99 and y?
11
Let g = 14 + -12. Let h be g + 5/(-15)*-291. Calculate the greatest common divisor of h and 9.
9
Let m = 46 - -146. Calculate the highest common divisor of 3 and m.
3
Suppose 0 = -4*t + 16, 32*f + 5*t = 29*f + 29. Calculate the greatest common divisor of f and 81.
3
Let h(j) = -22*j + 189. Let w be h(0). What is the highest common factor of 81 and w?
27
Let c = -769 + 1577. What is the greatest common divisor of 101 and c?
101
Suppose 20 = 3*m + 2*m. Let g = -57 - 142. Let s = g - -200. Calculate th